
What is the hundred millions digit of 425707767?
4
What is the thousands digit of 5930907730?
7
What is the tens digit of 294922336?
3
What is the hundred millions digit of 578656630?
5
What is the ten millions digit of 571114216?
7
What is the ten millions digit of 2743517030?
4
What is the thousands digit of 43937234?
7
What is the units digit of 293447845?
5
What is the thousands digit of 630327125?
7
What is the hundreds digit of 25892511?
5
What is the thousands digit of 19879167?
9
What is the ten millions digit of 23237259?
2
What is the tens digit of 27810917?
1
What is the millions digit of 3854344558?
4
What is the units digit of 37359155?
5
What is the millions digit of 2639248279?
9
What is the hundreds digit of 622061608?
6
What is the thousands digit of 108841607?
1
What is the ten thousands digit of 64287545?
8
What is the ten thousands digit of 322085862?
8
What is the ten thousands digit of 11912250?
1
What is the ten millions digit of 1102727154?
0
What is the hundred thousands digit of 11863681?
8
What is the millions digit of 278792258?
8
What is the ten thousands digit of 83603859?
0
What is the ten millions digit of 185766972?
8
What is the billions digit of 3700880615?
3
What is the millions digit of 366053745?
6
What is the millions digit of 168820697?
8
What is the hundreds digit of 745699879?
8
What is the hundred thousands digit of 6698681076?
6
What is the tens digit of 127519338?
3
What is the ten millions digit of 1489739165?
8
What is the ten millions digit of 4114583887?
1
What is the units digit of 749211509?
9
What is the millions digit of 22237347?
2
What is the units digit of 505353440?
0
What is the units digit of 80263490?
0
What is the hundreds digit of 575912471?
4
What is the units digit of 21207194?
4
What is the hundred thousands digit of 69478920?
4
What is the tens digit of 86783861?
6
What is the ten millions digit of 1437608522?
3
What is the billions digit of 1125765995?
1
What is the tens digit of 3502524?
2
What is the thousands digit of 89267627?
7
What is the ten thousands digit of 12963349?
6
What is the thousands digit of 15164475?
4
What is the units digit of 89324720?
0
What is the tens digit of 3020786514?
1
What is the millions digit of 2720177304?
0
What is the tens digit of 642226723?
2
What is the tens digit of 121536680?
8
What is the ten thousands digit of 24741742?
4
What is the ten thousands digit of 122738823?
3
What is the millions digit of 330427549?
0
What is the thousands digit of 526659378?
9
What is the hundred millions digit of 1197778515?
1
What is the ten thousands digit of 761509026?
0
What is the ten thousands digit of 3546671229?
7
What is the tens digit of 40839272?
7
What is the millions digit of 4765798453?
5
What is the thousands digit of 351661318?
1
What is the units digit of 2615471229?
9
What is the ten thousands digit of 4151929?
5
What is the units digit of 318796044?
4
What is the ten thousands digit of 87183371?
8
What is the ten millions digit of 212288319?
1
What is the millions digit of 79720145?
9
What is the units digit of 36984014?
4
What is the hundred thousands digit of 988432506?
4
What is the thousands digit of 143090703?
0
What is the thousands digit of 216947925?
7
What is the hundred thousands digit of 329070272?
0
What is the tens digit of 7393652?
5
What is the units digit of 18535353?
3
What is the millions digit of 6098280393?
8
What is the hundred thousands digit of 1750561865?
5
What is the ten thousands digit of 569455142?
5
What is the hundreds digit of 579671029?
0
What is the hundred millions digit of 5484322775?
4
What is the millions digit of 357667876?
7
What is the units digit of 11253493?
3
What is the millions digit of 43009242?
3
What is the tens digit of 188968467?
6
What is the hundreds digit of 277550320?
3
What is the hundreds digit of 282289976?
9
What is the millions digit of 5851035502?
1
What is the hundreds digit of 414404577?
5
What is the hundreds digit of 623479638?
6
What is the hundreds digit of 25221947?
9
What is the hundred millions digit of 478413805?
4
What is the ten thousands digit of 517163882?
6
What is the units digit of 610286103?
3
What is the ten millions digit of 13671938?
1
What is the hundreds digit of 693479866?
8
What is the units digit of 140480691?
1
What is the units digit of 194315576?
6
What is the hundred thousands digit of 155095083?
0
What is the ten thousands digit of 327719107?
1
What is the hundred millions digit of 297021086?
2
What is the hundred thousands digit of 50486694?
4
What is the thousands digit of 140720152?
0
What is the millions digit of 68548161?
8
What is the tens digit of 891085714?
1
What is the thousands digit of 17107770?
7
What is the tens digit of 314700787?
8
What is the units digit of 37565511?
1
What is the hundred thousands digit of 138133483?
1
What is the ten millions digit of 45121657?
4
What is the hundreds digit of 8500146755?
7
What is the units digit of 774828645?
5
What is the hundred millions digit of 2103586417?
1
What is the tens digit of 949732027?
2
What is the hundred thousands digit of 48395323?
3
What is the billions digit of 2745080024?
2
What is the hundred thousands digit of 26684192?
6
What is the thousands digit of 489400228?
0
What is the hundreds digit of 223693864?
8
What is the ten thousands digit of 40471176?
7
What is the hundred thousands digit of 1992258619?
2
What is the units digit of 1556812524?
4
What is the hundred millions digit of 222604809?
2
What is the millions digit of 37454114?
7
What is the hundreds digit of 204706852?
8
What is the tens digit of 30060927?
2
What is the ten millions digit of 1232928475?
3
What is the units digit of 110177874?
4
What is the units digit of 51710472?
2
What is the tens digit of 223215267?
6
What is the ten millions digit of 615326638?
1
What is the millions digit of 466826237?
6
What is the ten millions digit of 426421978?
2
What is the hundred millions digit of 851262426?
8
What is the ten millions digit of 1382957626?
8
What is the tens digit of 174814725?
2
What is the millions digit of 151969158?
1
What is the ten thousands digit of 1045142074?
4
What is the ten millions digit of 3116688734?
1
What is the hundreds digit of 1632587166?
1
What is the tens digit of 62862085?
8
What is the hundreds digit of 136851299?
2
What is the units digit of 112638375?
5
What is the millions digit of 639503885?
9
What is the units digit of 226705551?
1
What is the ten thousands digit of 1808258445?
5
What is the hundred thousands digit of 18946597?
9
What is the millions digit of 388977147?
8
What is the tens digit of 2133687878?
7
What is the units digit of 249730312?
2
What is the ten millions digit of 1278174742?
7
What is the hundreds digit of 27376739?
7
What is the millions digit of 710519611?
0
What is the ten millions digit of 830678908?
3
What is the millions digit of 69942446?
9
What is the ten millions digit of 988033858?
8
What is the hundreds digit of 10281055?
0
What is the millions digit of 4278124390?
8
What is the hundred thousands digit of 129746450?
7
What is the tens digit of 6265135?
3
What is the ten millions digit of 109239869?
0
What is the hundred millions digit of 3635561452?
6
What is the thousands digit of 3039664211?
4
What is the ten thousands digit of 1482639089?
3
What is the hundred thousands digit of 202663200?
6
What is the hundreds digit of 96399551?
5
What is the millions digit of 1721633484?
1
What is the ten millions digit of 2705934326?
0
What is the ten millions digit of 66851843?
6
What is the thousands digit of 917000103?
0
What is the hundred thousands digit of 423664469?
6
What is the hundreds digit of 203536467?
4
What is the ten millions digit of 75451061?
7
What is the millions digit of 36841697?
6
What is the hundred millions digit of 144665068?
1
What is the units digit of 34221216?
6
What is the tens digit of 213018240?
4
What is the ten millions digit of 2422412038?
2
What is the millions digit of 75518702?
5
What is the tens digit of 73605068?
6
What is the millions digit of 438068039?
8
What is the thousands digit of 35325609?
5
What is the hundred millions digit of 1418298722?
4
What is the ten millions digit of 274136284?
7
What is the h